{"id":2,"date":"2024-02-20T23:54:32","date_gmt":"2024-02-21T02:54:32","guid":{"rendered":"http:\/\/cahlis.com\/?page_id=2"},"modified":"2025-09-02T16:21:32","modified_gmt":"2025-09-02T19:21:32","slug":"pagina-ejemplo","status":"publish","type":"page","link":"https:\/\/cahlis.com\/?page_id=2","title":{"rendered":"Historia de las Ideas"},"content":{"rendered":"\n<p>Decidimos llamar as\u00ed, a nuestro primer \u00e1lbum. Se encuentra en todas las plataformas digitales y puedes escucharlos gratuitamente en YouTube. Soy Emmanuel y con mi hermano Leonardo escribimos cada uno de nuestros temas, los primeros todos en espa\u00f1ol y nuestro \u00faltimo trabajo lo compuso \u00e9l integramente en ingl\u00e9s.  <\/p>\n\n\n\n<figure class=\"wp-block-image size-full\"><img fetchpriority=\"high\" decoding=\"async\" width=\"863\" height=\"861\" src=\"https:\/\/cahlis.com\/wp-content\/uploads\/2025\/06\/Historia.jpg\" alt=\"\" class=\"wp-image-115\" srcset=\"https:\/\/cahlis.com\/wp-content\/uploads\/2025\/06\/Historia.jpg 863w, https:\/\/cahlis.com\/wp-content\/uploads\/2025\/06\/Historia-300x300.jpg 300w, https:\/\/cahlis.com\/wp-content\/uploads\/2025\/06\/Historia-150x150.jpg 150w, https:\/\/cahlis.com\/wp-content\/uploads\/2025\/06\/Historia-768x766.jpg 768w\" sizes=\"(max-width: 863px) 100vw, 863px\" \/><\/figure>\n\n\n\n<blockquote class=\"wp-block-quote is-layout-flow wp-block-quote-is-layout-flow\">\n<p>\u00a1Hola! Te contamos que ya se encuentra disponible en todas las plataformas digitales.<\/p>\n<\/blockquote>\n\n\n\n<figure class=\"wp-block-video aligncenter\"><video controls src=\"https:\/\/cahlis.com\/wp-content\/uploads\/2024\/04\/dji_export_20240214_235740_1707965860339_story-1.mp4\"><\/video><\/figure>\n\n\n\n<p><\/p>\n\n\n\n<blockquote class=\"wp-block-quote is-layout-flow wp-block-quote-is-layout-flow\">\n<p>Esperamos les guste y compartan nuestra m\u00fasica!<\/p>\n<\/blockquote>\n\n\n<div class=\"wp-block-image\">\n<figure class=\"aligncenter size-large is-resized\"><img decoding=\"async\" width=\"581\" height=\"1024\" src=\"https:\/\/cahlis.com\/wp-content\/uploads\/2024\/04\/Screenshot_20240426_142738-e1714153555804-581x1024.jpg\" alt=\"\" class=\"wp-image-69\" style=\"aspect-ratio:1;object-fit:cover;width:573px;height:auto\" srcset=\"https:\/\/cahlis.com\/wp-content\/uploads\/2024\/04\/Screenshot_20240426_142738-e1714153555804-581x1024.jpg 581w, https:\/\/cahlis.com\/wp-content\/uploads\/2024\/04\/Screenshot_20240426_142738-e1714153555804-170x300.jpg 170w, https:\/\/cahlis.com\/wp-content\/uploads\/2024\/04\/Screenshot_20240426_142738-e1714153555804-768x1354.jpg 768w, https:\/\/cahlis.com\/wp-content\/uploads\/2024\/04\/Screenshot_20240426_142738-e1714153555804-871x1536.jpg 871w, https:\/\/cahlis.com\/wp-content\/uploads\/2024\/04\/Screenshot_20240426_142738-e1714153555804.jpg 1080w\" sizes=\"(max-width: 581px) 100vw, 581px\" \/><\/figure><\/div>\n\n<div class=\"wp-block-image\">\n<figure class=\"aligncenter size-large is-resized\"><img decoding=\"async\" width=\"1018\" height=\"1024\" src=\"https:\/\/cahlis.com\/wp-content\/uploads\/2025\/09\/cropped-1756837351100-1018x1024.png\" alt=\"\" class=\"wp-image-214\" style=\"width:374px;height:auto\" srcset=\"https:\/\/cahlis.com\/wp-content\/uploads\/2025\/09\/cropped-1756837351100-1018x1024.png 1018w, https:\/\/cahlis.com\/wp-content\/uploads\/2025\/09\/cropped-1756837351100-298x300.png 298w, https:\/\/cahlis.com\/wp-content\/uploads\/2025\/09\/cropped-1756837351100-150x150.png 150w, https:\/\/cahlis.com\/wp-content\/uploads\/2025\/09\/cropped-1756837351100-768x773.png 768w, https:\/\/cahlis.com\/wp-content\/uploads\/2025\/09\/cropped-1756837351100.png 1101w\" sizes=\"(max-width: 1018px) 100vw, 1018px\" \/><\/figure><\/div>\n\n<div class=\"wp-block-image\">\n<figure class=\"aligncenter size-large\"><img loading=\"lazy\" decoding=\"async\" width=\"671\" height=\"1024\" src=\"https:\/\/cahlis.com\/wp-content\/uploads\/2024\/04\/Screenshot_20240426_142815-e1714153525940-671x1024.jpg\" alt=\"\" class=\"wp-image-75\" style=\"aspect-ratio:1;object-fit:cover\" srcset=\"https:\/\/cahlis.com\/wp-content\/uploads\/2024\/04\/Screenshot_20240426_142815-e1714153525940-671x1024.jpg 671w, https:\/\/cahlis.com\/wp-content\/uploads\/2024\/04\/Screenshot_20240426_142815-e1714153525940-197x300.jpg 197w, https:\/\/cahlis.com\/wp-content\/uploads\/2024\/04\/Screenshot_20240426_142815-e1714153525940-768x1172.jpg 768w, https:\/\/cahlis.com\/wp-content\/uploads\/2024\/04\/Screenshot_20240426_142815-e1714153525940-1007x1536.jpg 1007w, https:\/\/cahlis.com\/wp-content\/uploads\/2024\/04\/Screenshot_20240426_142815-e1714153525940.jpg 1080w\" sizes=\"(max-width: 671px) 100vw, 671px\" \/><\/figure><\/div>","protected":false},"excerpt":{"rendered":"<p>Decidimos llamar as\u00ed, a nuestro primer \u00e1lbum. Se encuentra en todas las plataformas digitales y puedes escucharlos gratuitamente en YouTube. Soy Emmanuel y con mi hermano Leonardo escribimos cada uno de nuestros temas, los primeros todos en espa\u00f1ol y nuestro \u00faltimo trabajo lo compuso \u00e9l <span class=\"read-more\"><a class=\"more-link btn btn-transparent\" href=\"https:\/\/cahlis.com\/?page_id=2\">Read More &#8230;<\/a><\/span><\/p>\n","protected":false},"author":1,"featured_media":0,"parent":0,"menu_order":0,"comment_status":"closed","ping_status":"open","template":"","meta":{"om_disable_all_campaigns":false,"_monsterinsights_skip_tracking":false,"_monsterinsights_sitenote_active":false,"_monsterinsights_sitenote_note":"","_monsterinsights_sitenote_category":0,"footnotes":""},"class_list":["post-2","page","type-page","status-publish","hentry"],"aioseo_notices":[],"_links":{"self":[{"href":"https:\/\/cahlis.com\/index.php?rest_route=\/wp\/v2\/pages\/2","targetHints":{"allow":["GET"]}}],"collection":[{"href":"https:\/\/cahlis.com\/index.php?rest_route=\/wp\/v2\/pages"}],"about":[{"href":"https:\/\/cahlis.com\/index.php?rest_route=\/wp\/v2\/types\/page"}],"author":[{"embeddable":true,"href":"https:\/\/cahlis.com\/index.php?rest_route=\/wp\/v2\/users\/1"}],"replies":[{"embeddable":true,"href":"https:\/\/cahlis.com\/index.php?rest_route=%2Fwp%2Fv2%2Fcomments&post=2"}],"version-history":[{"count":11,"href":"https:\/\/cahlis.com\/index.php?rest_route=\/wp\/v2\/pages\/2\/revisions"}],"predecessor-version":[{"id":221,"href":"https:\/\/cahlis.com\/index.php?rest_route=\/wp\/v2\/pages\/2\/revisions\/221"}],"wp:attachment":[{"href":"https:\/\/cahlis.com\/index.php?rest_route=%2Fwp%2Fv2%2Fmedia&parent=2"}],"curies":[{"name":"wp","href":"https:\/\/api.w.org\/{rel}","templated":true}]}}